{"id":10,"date":"2025-09-30T10:54:27","date_gmt":"2025-09-30T15:54:27","guid":{"rendered":"https:\/\/elanalistacontable.com\/?page_id=10"},"modified":"2025-12-15T16:39:25","modified_gmt":"2025-12-15T21:39:25","slug":"porfolio","status":"publish","type":"page","link":"https:\/\/elanalistacontable.com\/index.php\/porfolio\/","title":{"rendered":"Porfolio"},"content":{"rendered":"\n<div class=\"wp-block-cover alignfull\" style=\"padding-right:0;padding-left:0;min-height:656px;aspect-ratio:unset;\"><img fetchpriority=\"high\" decoding=\"async\" width=\"1920\" height=\"602\" class=\"wp-block-cover__image-background wp-image-364 size-full\" alt=\"\" src=\"https:\/\/elanalistacontable.com\/wp-content\/uploads\/2025\/10\/portafolio.png\" data-object-fit=\"cover\"\/><span aria-hidden=\"true\" class=\"wp-block-cover__background has-nv-dark-bg-background-color has-background-dim-20 has-background-dim\"><\/span><div class=\"wp-block-cover__inner-container is-layout-flow wp-block-cover-is-layout-flow\">\n<div class=\"wp-block-columns is-layout-flex wp-container-core-columns-is-layout-9d6595d7 wp-block-columns-is-layout-flex\">\n<div class=\"wp-block-column is-layout-flow wp-block-column-is-layout-flow\" style=\"flex-basis:20%\"><\/div>\n\n\n\n<div class=\"wp-block-column is-layout-flow wp-block-column-is-layout-flow\" style=\"flex-basis:60%\">\n<div class=\"wp-block-group\" style=\"padding-right:var(--wp--preset--spacing--30);padding-left:var(--wp--preset--spacing--30)\"><div class=\"wp-block-group__inner-container is-layout-constrained wp-container-core-group-is-layout-a68114f4 wp-block-group-is-layout-constrained\">\n<div style=\"height:80px\" aria-hidden=\"true\" class=\"wp-block-spacer\"><\/div>\n\n\n\n<div style=\"height:24px\" aria-hidden=\"true\" class=\"wp-block-spacer\"><\/div>\n\n\n\n<p class=\"has-text-align-center has-nv-text-dark-bg-color has-text-color\">\u201cEn un mundo donde las obligaciones contables y financieras cambian constantemente, contar con un aliado experto marca la diferencia. Nuestro portafolio de servicios ha sido dise\u00f1ado para brindarte <strong>seguridad, confianza y soluciones a medida<\/strong>, porque sabemos que cada cliente tiene necesidades \u00fanicas\u201d<\/p>\n\n\n\n<p class=\"has-text-align-center has-nv-text-dark-bg-color has-text-color has-small-font-size\"><\/p>\n\n\n\n<div style=\"height:40px\" aria-hidden=\"true\" class=\"wp-block-spacer\"><\/div>\n<\/div><\/div>\n<\/div>\n\n\n\n<div class=\"wp-block-column is-layout-flow wp-block-column-is-layout-flow\" style=\"flex-basis:20%\"><\/div>\n<\/div>\n<\/div><\/div>\n\n\n\n<div class=\"wp-block-cover alignfull\" style=\"min-height:300px;aspect-ratio:unset;\"><span aria-hidden=\"true\" class=\"wp-block-cover__background has-nv-site-bg-background-color has-background-dim-100 has-background-dim\"><\/span><div class=\"wp-block-cover__inner-container is-layout-flow wp-block-cover-is-layout-flow\">\n<div class=\"wp-block-group\" style=\"padding-right:var(--wp--preset--spacing--30);padding-left:var(--wp--preset--spacing--30)\"><div class=\"wp-block-group__inner-container is-layout-flow wp-block-group-is-layout-flow\">\n<h1 class=\"wp-block-heading has-text-align-left has-neve-text-color-color has-text-color\">Portafolio<\/h1>\n<\/div><\/div>\n\n\n\n<p><\/p>\n<\/div><\/div>\n\n\n\n<div class=\"wp-block-cover alignfull\" style=\"min-height:600px;aspect-ratio:unset;\"><span aria-hidden=\"true\" class=\"wp-block-cover__background has-nv-light-bg-background-color has-background-dim-100 has-background-dim\"><\/span><div class=\"wp-block-cover__inner-container is-layout-flow wp-block-cover-is-layout-flow\">\n<div class=\"wp-block-group\"><div class=\"wp-block-group__inner-container is-layout-flow wp-block-group-is-layout-flow\">\n<div class=\"wp-block-columns are-vertically-aligned-center is-layout-flex wp-container-core-columns-is-layout-9d6595d7 wp-block-columns-is-layout-flex\">\n<div class=\"wp-block-column is-vertically-aligned-center is-layout-flow wp-block-column-is-layout-flow\" style=\"padding-right:var(--wp--preset--spacing--30);padding-left:var(--wp--preset--spacing--30);flex-basis:25%\"><div class=\"wp-block-image\">\n<figure class=\"aligncenter size-full has-custom-border\"><img decoding=\"async\" width=\"90\" height=\"72\" src=\"https:\/\/elanalistacontable.com\/wp-content\/uploads\/2025\/10\/servicios02.png\" alt=\"\" class=\"wp-image-281\" style=\"border-radius:24px\"\/><\/figure><\/div>\n\n\n<h6 class=\"wp-block-heading has-text-align-center has-nv-dark-bg-color has-text-color has-link-color wp-elements-d293ea5b506690a828bd56b32284a7f1\">SECCI\u00d3N CONTABLE<\/h6>\n\n\n\n<p class=\"has-text-align-center has-nv-dark-bg-color has-text-color has-link-color wp-elements-3bd134df3a3e08c0a2f1d2e17a20ef39\">La actividad empresarial actualmente necesita sustentar informaci\u00f3n confiable, oportuna y actual para las decisiones del crecimiento de la empresa o negocio.<\/p>\n\n\n\n<details class=\"wp-block-details has-neve-link-color-color has-text-color has-link-color wp-elements-b90549272a45f5f9198f18a77b93d8db is-layout-flow wp-block-details-is-layout-flow\"><summary>Learn more&#8230;<\/summary>\n<p class=\"has-nv-dark-bg-color has-text-color has-link-color wp-elements-a2867e0984fa05a09af8c1928c8957a7\">Outsourcing contable.<br>Revisi\u00f3n contable.<br>Elaboraci\u00f3n de Estados Financieros.<br>Anexos a los Estados Financieros.<br>Conciliaciones Bancarias.<br>Supervisi\u00f3n contable peri\u00f3dica.<br>Asesoramiento contable<\/p>\n<\/details>\n\n\n\n<div class=\"wp-block-buttons is-layout-flex wp-block-buttons-is-layout-flex\"><\/div>\n\n\n\n<div style=\"height:40px\" aria-hidden=\"true\" class=\"wp-block-spacer\"><\/div>\n\n\n\n<div style=\"height:0px\" aria-hidden=\"true\" class=\"wp-block-spacer\"><\/div>\n<\/div>\n\n\n\n<div class=\"wp-block-column is-vertically-aligned-center is-layout-flow wp-block-column-is-layout-flow\" style=\"padding-right:var(--wp--preset--spacing--30);padding-left:var(--wp--preset--spacing--30);flex-basis:25%\"><div class=\"wp-block-image\">\n<figure class=\"aligncenter size-full has-custom-border\"><img decoding=\"async\" width=\"81\" height=\"73\" src=\"https:\/\/elanalistacontable.com\/wp-content\/uploads\/2025\/10\/servicios04.png\" alt=\"\" class=\"wp-image-291\" style=\"border-radius:24px\"\/><\/figure><\/div>\n\n\n<h6 class=\"wp-block-heading has-text-align-center has-nv-dark-bg-color has-text-color has-link-color wp-elements-63c401f09bd38e3f0ffe8820c3593d16\">SECCI\u00d3N TRIBUTARIA<\/h6>\n\n\n\n<p class=\"has-text-align-center has-nv-dark-bg-color has-text-color has-link-color wp-elements-e8c15be95c5e9128e10f367e4f181dd6\">Las leyes tributarias est\u00e1n en constante cambio lo que hace necesario que las empresas o negocios requieran un grupo especializado en \u00e9sta \u00e1rea.<\/p>\n\n\n\n<details class=\"wp-block-details has-neve-link-color-color has-text-color has-link-color wp-elements-1e796e971e241d66057f5ed2f48cd31c is-layout-flow wp-block-details-is-layout-flow\"><summary>Learn more&#8230;<\/summary>\n<p class=\"has-nv-dark-bg-color has-text-color has-link-color wp-elements-7da92c50ec49830a02b942ba868fcb7e\">OutSourcing de impuestos.<br>Asesor\u00eda Tributaria Mensual.<br>Auditor\u00eda Tributaria (diagn\u00f3stico).<br>Servicios de Consultor\u00eda Tributaria.<br>Devoluciones, Reclamaciones e Impugnaciones.<br>Planificaci\u00f3n Tributaria Local.<\/p>\n<\/details>\n\n\n\n<div style=\"height:40px\" aria-hidden=\"true\" class=\"wp-block-spacer\"><\/div>\n<\/div>\n\n\n\n<div class=\"wp-block-column is-vertically-aligned-center is-layout-flow wp-block-column-is-layout-flow\" style=\"padding-right:var(--wp--preset--spacing--30);padding-left:var(--wp--preset--spacing--30);flex-basis:25%\">\n<div class=\"wp-block-uagb-image aligncenter uagb-block-fa182ed8 wp-block-uagb-image--layout-default wp-block-uagb-image--effect-static wp-block-uagb-image--align-center\"><figure class=\"wp-block-uagb-image__figure\"><img loading=\"lazy\" decoding=\"async\" srcset=\"https:\/\/elanalistacontable.com\/wp-content\/uploads\/2025\/10\/servicios08.png ,https:\/\/elanalistacontable.com\/wp-content\/uploads\/2025\/10\/servicios08.png 780w, https:\/\/elanalistacontable.com\/wp-content\/uploads\/2025\/10\/servicios08.png 360w\" sizes=\"auto, (max-width: 480px) 150px\" src=\"https:\/\/elanalistacontable.com\/wp-content\/uploads\/2025\/10\/servicios08.png\" alt=\"\" class=\"uag-image-308\" width=\"94\" height=\"73\" title=\"servicios08\" loading=\"lazy\" role=\"img\"\/><\/figure><\/div>\n\n\n\n<h6 class=\"wp-block-heading has-text-align-center has-nv-dark-bg-color has-text-color has-link-color wp-elements-f52e890471ec042190607d219095449f\">SECCI\u00d3N FINANCIERA ADMINISTRATIVA &#8211; PROYECTOS<\/h6>\n\n\n\n<p class=\"has-text-align-center has-nv-dark-bg-color has-text-color has-link-color wp-elements-2d6127b4c26d1916d4ab65a486841833\">Planificaci\u00f3n financiera, estudios de factibilidad, an\u00e1lisis de diversificaci\u00f3n y desarrollo<\/p>\n\n\n\n<details class=\"wp-block-details has-neve-link-color-color has-text-color has-link-color wp-elements-ea67dfce718f158eff9b07215ef84325 is-layout-flow wp-block-details-is-layout-flow\"><summary>Learn more&#8230;<\/summary>\n<p class=\"has-nv-dark-bg-color has-text-color has-link-color wp-elements-49881f2729fb64af7d7aac8e14a816a6\">Modelos financieros.<br>Estudios de Factibilidad de Proyectos de Inversi\u00f3n.<br>Planificaci\u00f3n Estrat\u00e9gica.<br>Revisi\u00f3n de UAF, Lavado de Activos.<br>Evaluaci\u00f3n de Ley de Protecci\u00f3n de Datos.<br>Diagn\u00f3sticos Financieros.<br>Estructuraci\u00f3n de Financiamiento.<br>Elaboraci\u00f3n de presupuestos y flujos de caja.<\/p>\n<\/details>\n\n\n\n<div style=\"height:40px\" aria-hidden=\"true\" class=\"wp-block-spacer\"><\/div>\n<\/div>\n\n\n\n<div class=\"wp-block-column is-layout-flow wp-block-column-is-layout-flow\" style=\"flex-basis:25%\">\n<div class=\"wp-block-uagb-image aligncenter uagb-block-30cdcc3e wp-block-uagb-image--layout-default wp-block-uagb-image--effect-static wp-block-uagb-image--align-center\"><figure class=\"wp-block-uagb-image__figure\"><img loading=\"lazy\" decoding=\"async\" srcset=\"https:\/\/elanalistacontable.com\/wp-content\/uploads\/2025\/10\/servicios03.png ,https:\/\/elanalistacontable.com\/wp-content\/uploads\/2025\/10\/servicios03.png 780w, https:\/\/elanalistacontable.com\/wp-content\/uploads\/2025\/10\/servicios03.png 360w\" sizes=\"auto, (max-width: 480px) 150px\" src=\"https:\/\/elanalistacontable.com\/wp-content\/uploads\/2025\/10\/servicios03.png\" alt=\"\" class=\"uag-image-289\" width=\"74\" height=\"81\" title=\"servicios03\" loading=\"lazy\" role=\"img\"\/><\/figure><\/div>\n\n\n\n<h6 class=\"wp-block-heading has-text-align-center has-nv-dark-bg-color has-text-color has-link-color wp-elements-cfd8d4c4603902befbe6c17fe3310cac\">SECCI\u00d3N AUDITOR\u00cdAS<\/h6>\n\n\n\n<p class=\"has-text-align-center has-nv-dark-bg-color has-text-color has-link-color wp-elements-7a0ad6abd1c6d04cc7b723eb5707e750\">La verificaci\u00f3n de los estados financieros, los riesgos en los procesos internos, los debidos controles, facilitan la toma de decisiones para la gerencia de la empresa y permite cumplir con las obligaciones en Entidades Financieras y Gobierno.<\/p>\n\n\n\n<details class=\"wp-block-details has-neve-link-color-color has-text-color has-link-color wp-elements-bd4b97d050d0cac4a4ad806d59012c6d is-layout-flow wp-block-details-is-layout-flow\"><summary>Learn more&#8230;<\/summary>\n<p class=\"has-nv-dark-bg-color has-text-color has-link-color wp-elements-6ca6f1b581ef4ee8305a0c13b302188b\">Auditor\u00eda Tributaria.<br>Auditor\u00eda Contable.<br>Auditor\u00eda Financiera.<br>Evaluaci\u00f3n de Riesgo Empresarial y Negocios.<\/p>\n<\/details>\n<\/div>\n<\/div>\n\n\n\n<div style=\"height:40px\" aria-hidden=\"true\" class=\"wp-block-spacer\"><\/div>\n<\/div><\/div>\n<\/div><\/div>\n\n\n\n<div class=\"wp-block-cover alignfull\"><span aria-hidden=\"true\" class=\"wp-block-cover__background has-nv-site-bg-background-color has-background-dim-100 has-background-dim\"><\/span><div class=\"wp-block-cover__inner-container is-layout-flow wp-block-cover-is-layout-flow\">\n<div style=\"height:80px\" aria-hidden=\"true\" class=\"wp-block-spacer\"><\/div>\n\n\n\n<div style=\"height:100px\" aria-hidden=\"true\" class=\"wp-block-spacer\"><\/div>\n\n\n\n<div style=\"height:100px\" aria-hidden=\"true\" class=\"wp-block-spacer\"><\/div>\n\n\n\n<div class=\"wp-block-columns are-vertically-aligned-center is-not-stacked-on-mobile uag-hide-desktop uag-hide-tab uag-hide-mob is-layout-flex wp-container-core-columns-is-layout-9d6595d7 wp-block-columns-is-layout-flex\">\n<div class=\"wp-block-column is-vertically-aligned-center is-layout-flow wp-block-column-is-layout-flow\" style=\"padding-right:var(--wp--preset--spacing--30);padding-left:var(--wp--preset--spacing--30);flex-basis:30%\">\n<div style=\"height:20px\" aria-hidden=\"true\" class=\"wp-block-spacer\"><\/div>\n\n\n\n<h2 class=\"wp-block-heading has-text-align-right has-neve-text-color-color has-text-color\">Hairo Elias G\u00f3ngora March\u00e1n<\/h2>\n\n\n\n<p class=\"has-text-align-right has-neve-text-color-color has-text-color\">Ingeniero Comercial<br>Ing. Contabilidad y Auditor\u00eda<br>Mgtr. en Tributaci\u00f3n<br>Mgtr. Fiscalidad Tributaria<br>Internacional (en curso)<br>Abogado (en curso)<br><\/p>\n\n\n\n<div class=\"wp-block-buttons has-custom-font-size has-small-font-size is-content-justification-left is-layout-flex wp-container-core-buttons-is-layout-fdcfc74e wp-block-buttons-is-layout-flex\">\n<div class=\"wp-block-button is-style-default\"><a class=\"wp-block-button__link has-nv-text-dark-bg-color has-neve-link-color-background-color has-text-color has-background has-link-color has-custom-font-size wp-element-button\" href=\"https:\/\/elanalistacontable.com\/project-details\/\" style=\"font-size:16px\">Learn more<\/a><\/div>\n<\/div>\n<\/div>\n\n\n\n<div class=\"wp-block-column is-vertically-aligned-center is-layout-flow wp-block-column-is-layout-flow\" style=\"padding-right:var(--wp--preset--spacing--30);padding-left:var(--wp--preset--spacing--30);flex-basis:75%\">\n<figure class=\"wp-block-image size-full has-custom-border is-style-default\"><img loading=\"lazy\" decoding=\"async\" width=\"956\" height=\"678\" src=\"https:\/\/elanalistacontable.com\/wp-content\/uploads\/2025\/10\/foto03.png\" alt=\"\" class=\"wp-image-186\" style=\"border-radius:16px;object-fit:cover\"\/><\/figure>\n<\/div>\n<\/div>\n<\/div><\/div>\n\n\n\n<p><\/p>\n","protected":false},"excerpt":{"rendered":"","protected":false},"author":1,"featured_media":0,"parent":0,"menu_order":0,"comment_status":"closed","ping_status":"closed","template":"","meta":{"_uag_custom_page_level_css":"","neve_meta_sidebar":"","neve_meta_container":"","neve_meta_enable_content_width":"on","neve_meta_content_width":100,"neve_meta_title_alignment":"","neve_meta_author_avatar":"","neve_post_elements_order":"","neve_meta_disable_header":"","neve_meta_disable_footer":"","neve_meta_disable_title":"on","footnotes":""},"class_list":["post-10","page","type-page","status-publish","hentry"],"_hostinger_reach_plugin_has_subscription_block":false,"_hostinger_reach_plugin_is_elementor":false,"uagb_featured_image_src":{"full":false,"thumbnail":false,"medium":false,"medium_large":false,"large":false,"1536x1536":false,"2048x2048":false,"neve-blog":false},"uagb_author_info":{"display_name":"Hairo","author_link":"https:\/\/elanalistacontable.com\/index.php\/author\/hairo\/"},"uagb_comment_info":0,"uagb_excerpt":null,"_links":{"self":[{"href":"https:\/\/elanalistacontable.com\/index.php\/wp-json\/wp\/v2\/pages\/10","targetHints":{"allow":["GET"]}}],"collection":[{"href":"https:\/\/elanalistacontable.com\/index.php\/wp-json\/wp\/v2\/pages"}],"about":[{"href":"https:\/\/elanalistacontable.com\/index.php\/wp-json\/wp\/v2\/types\/page"}],"author":[{"embeddable":true,"href":"https:\/\/elanalistacontable.com\/index.php\/wp-json\/wp\/v2\/users\/1"}],"replies":[{"embeddable":true,"href":"https:\/\/elanalistacontable.com\/index.php\/wp-json\/wp\/v2\/comments?post=10"}],"version-history":[{"count":59,"href":"https:\/\/elanalistacontable.com\/index.php\/wp-json\/wp\/v2\/pages\/10\/revisions"}],"predecessor-version":[{"id":512,"href":"https:\/\/elanalistacontable.com\/index.php\/wp-json\/wp\/v2\/pages\/10\/revisions\/512"}],"wp:attachment":[{"href":"https:\/\/elanalistacontable.com\/index.php\/wp-json\/wp\/v2\/media?parent=10"}],"curies":[{"name":"wp","href":"https:\/\/api.w.org\/{rel}","templated":true}]}}